at is the tens digit of (g/2)/(a/4)?
9
Suppose -261910 = 31*s - 780850. Suppose 0 = 42*q - 24*q - s. What is the units digit of q?
0
Suppose -250*f = -201*f - 176342 - 103840. What is the units digit of f?
8
Let l = 2 - 2. Let y be 14 + -1 + -3 + l. Suppose -8*x + y*x - 52 = 0. What is the tens digit of x?
2
Suppose -k - 3*k = -8. Suppose -4*t - 3*h + 1836 = 0, 5*t + 0*h - k*h - 2318 = 0. Suppose 6*i = 13*i - t. What is the units digit of i?
6
Suppose -2*u = -l - 39989, -2*l + 14775 = 2*u - 25229. What is the units digit of u?
7
Let r = -2 - -6. Let i be ((-3)/12 - (-7)/28)/(-2). Suppose r*b - 261 - 207 = i. What is the tens digit of b?
1
Suppose 0 = -14*x - 60217 + 160653. What is the thousands digit of x?
7
Suppose 5*g - 292390 = -5*i, 422*g = -4*i + 424*g + 233936. What is the hundreds digit of i?
4
Let m be (12/9)/(3/(-9)). Let b be 1 + (m/(-1) - -55). Let n = -24 + b. What is the tens digit of n?
3
Suppose 8*p + 12520 = 13*p. What is the hundreds digit of p?
5
Let z be -8*(-3)/(-9)*-3. Let v be (-3 - (-8 + -1))*(-212)/z. Let p = -121 - v. What is the units digit of p?
8
Let q(x) = -x**2 + 29*x - 3. Let u = 79 + -52. Suppose -3*o = -6, u = 4*s - o - 19. What is the tens digit of q(s)?
0
Let s(r) be the second derivative of -19*r**2 + 2/3*r**3 + 0 - 3*r + 1/3*r**4. What is the hundreds digit of s(-7)?
1
Let a(w) = 3*w**2 - 193*w - 3446. What is the tens digit of a(-74)?
6
Let v(p) = -p**2 + 7*p - 2. Let t be v(6). Let b be ((-9)/(-3))/12 + 235/t. Let r = b - -5. What is the tens digit of r?
6
Let h(z) = -3*z**3 - 4*z**2 + 4*z + 4. Let r be h(-2). Suppose 8*g - 2*d - 6040 = r*g, 8 = -2*d. What is the tens digit of g?
0
Suppose -3*v + 257 - 24 = -2*i, -187 = -2*v - 5*i. Suppose -4*t = -5*t + v. Let s = 198 - t. What is the units digit of s?
7
What is the hundreds digit of 20/(-30) + (-12)/(-15) + 281516/30?
3
Let n(z) = -z**2 - 15*z + 190. Let b be n(-23). What is the units digit of (-5)/(-1)*1/(b/252)?
0
Suppose -2*q + 17956 = 2*r, 16716 = -5*r - 8*q + 61609. What is the tens digit of r?
7
Let w(a) = -579*a**3 + a**2 - 8*a + 21. What is the ten thousands digit of w(-4)?
3
Let f(v) = v**2 + 1. Let a(u) = -5*u**2 - 9*u + 171. Let b(r) = a(r) + 6*f(r). What is the tens digit of b(0)?
7
Let t(n) = n**3 + 11*n**2 + 7*n - 5. Let d be t(-10). Let z = 25 - d. Suppose 0*h + 2*h - 22 = z. What is the units digit of h?
1
Suppose -2*c - 3*i - 80 = 0, 8 = -0*i - 4*i. Let w = -17 + c. Let r = w - -276. What is the units digit of r?
2
Suppose -957*r = -917*r - 246280. What is the units digit of r?
7
Suppose 25 = 3*n + 10, 4*p = -4*n + 404. What is the tens digit of (p/120)/(4/2230)?
4
Let c = 715 + -1173. Let u = -135 - c. What is the tens digit of u?
2
Suppose -i - 2 = -l - 8, i - 18 = 4*l. Suppose 574 - 174 = i*r. What is the hundreds digit of r?
2
Let b(y) = y**2 - 16*y - 54. Let n be b(-3). Suppose -n*v = -5*v + 1018. What is the hundreds digit of v?
5
Let t = -43900 - -66638. What is the thousands digit of t?
2
Let j = 189 + -186. Suppose z - j*z + 2246 = 0. What is the thousands digit of z?
1
Let v = 221 + -218. Suppose -v*p + 666 = -669. What is the units digit of p?
5
Suppose 0 = 3*u + 5*b - 17, 5*u - 1 = 4*u + 3*b. Suppose -97 + 2353 = u*g. What is the hundreds digit of g?
5
Suppose -5*a + 2*v = 7, -5*v - 20 = -2*a - 6. What is the tens digit of (6 - (-17)/a)*61*39?
9
Let o(q) be the second derivative of -11*q**3/6 - q**2/2 - 13*q. Let r be o(8). Let n = r - -176. What is the units digit of n?
7
Suppose 0*a - 30 = -6*a. Suppose 2*k - 392 = -3*f, -f + a*f = -5*k + 973. Let n = -109 + k. What is the units digit of n?
4
Let d be 104/20*1/(-2)*10. Let i = -32 - d. What is the hundreds digit of 16/((i/34)/(33/(-22)))?
1
Suppose -4*a = -16*a - 312. Let j be 1/((-2)/6) - (a + 12). Let m(x) = x - 3. What is the units digit of m(j)?
8
Suppose b - 2*b = -1. Let v be -26 + -4 + 6/b. What is the units digit of 12/v + (-30)/(-4)?
7
Let b be (-4)/28 - (-6)/42. Suppose -2*q + 840 = v, -3*q + 2*v + v + 1278 = b. What is the hundreds digit of q?
4
Let r be 14/28 + 1/(-2) + 1. Let o be -4 - (-2 - (r - -2)). What is the units digit of 1 - 374/(-4) - o/2?
4
Let d(a) = a**2 - a. Let q be d(0). Let x be (25 - 2)*(3/3 - q). Suppose x + 117 = 5*r. What is the units digit of r?
8
Let g(a) = -a**3 - 9*a**2 - 9*a - 6. Let o be g(-8). Suppose 263 = o*v - 273. What is the tens digit of v?
6
Let j(l) = l**2 - 16*l + 52. Let w be j(6). Let m be (0 - 0)/((-7 - w)*-1). Suppose -5*h - 666 = -3*i, 4*i - h - 649 - 222 = m. What is the tens digit of i?
1
Suppose 92 - 2 = 3*c. Suppose c = -3*q + q. What is the units digit of ((-8)/24 + (-8)/6)*q?
5
Let h be (0 - 1) + (-1 + -5 - -9). Let s be ((-1)/2 - -5) + h/(-4). Suppose s*g - 63 = 3*o - 2*o, 0 = -2*g - 5*o + 59. What is the units digit of g?
7
Let n = -22884 + 36598. What is the tens digit of n?
1
Let g(o) = -2*o**2 + 54*o + 49. Let s be g(40). Let x = s + 2017. What is the units digit of x?
6
Let f = -10 + 15. Suppose -2*v + 14 = f*j, -3 - 1 = -2*j. Suppose 0 = 3*k + v*k - 630. What is the hundreds digit of k?
1
Suppose 5*t + 75 = 5*p, 12*t - 8*t + 3*p + 39 = 0. What is the units digit of (-1032)/(-10)*(t/(-18) + 6)?
8
Let a = -501 - -1025. Let r = 1404 - a. What is the units digit of r?
0
Let r = 92 - 155. Let m be 28/(-3)*r/14. Suppose -4*y + m = -3*y. What is the tens digit of y?
4
Let k = -106 + 106. Suppose 4*s + 143 - 651 = k. What is the hundreds digit of s?
1
What is the hundreds digit of -14 + 15 - -680 - 5?
6
Suppose 3*z = -0 + 6. Let x(a) = -3*a**2 + 4*a**z + 4 - 5 + 8*a + 21. What is the tens digit of x(-8)?
2
Let d(c) = -8*c + c**3 + 9*c - 7*c + 22*c**2 - 31. Let q be d(-22). Suppose -n - 4*t + t = -q, 0 = 4*t + 4. What is the tens digit of n?
0
Let x(b) = b**3 + 14*b**2 - 15*b + 7. Let t be x(-15). Suppose 0 = t*n - 4412 - 4205. What is the hundreds digit of n?
2
Suppose 13 = -5*x + 28. Let z = -280 - -469. Suppose 9 = -x*q, 2*q + z = 5*j - q. What is the units digit of j?
6
Let o(r) = 9016*r**2 + 128*r + 267. What is the thousands digit of o(-2)?
6
Suppose -13 = 6*d - 1. Let r be ((-12)/8*-2 - -3)*d. Let x = 15 + r. What is the units digit of x?
3
Let v = 4467 + -7331. Let m = -1623 - v. What is the hundreds digit of m?
2
Let s = 3375 + 82. Suppose 5*p - 4*y = s + 1124, 0 = p + 3*y - 920. What is the hundreds digit of p?
9
Let m be (0*1/(-3)*-1)/(-2). Suppose m = -14*o + 11*o + 1020. What is the hundreds digit of o?
3
Let k be 5/(175/441) + (-6)/(-15). Let h(d) = d**2 - d + 44. What is the tens digit of h(k)?
0
Suppose 2*c + 20 = -16. Let y be c*(-2 + 1)*1. What is the units digit of 45/y*124/10?
1
Let h(q) = -q**2 + 20*q - 28. Let t be h(18). Suppose -98*s - t = -100*s. What is the units digit of (-3 + -1)*(-67)/s?
7
Let p be (-1*5/(-3))/(17/51). Suppose -7*f + 62 = -p*f. Let q = f - -97. What is the units digit of q?
8
Let c(l) = -232*l + 519. What is the tens digit of c(-1)?
5
Let f(b) = b**3 + 4*b**2 - 9*b. Let l be f(-5). Suppose -8*i + l*i - 4500 = 0. What is the tens digit of i?
7
Let i(x) be the second derivative of x**5/5 + 7*x**4/12 - 7*x**3/6 + 23*x**2/2 - 298*x. What is the thousands digit of i(7)?
1
Suppose 49 = -3*u + 202. Let w be u - 2*12/(-8). Let a = -22 + w. What is the units digit of a?
2
Let b(l) = 2*l**3 - 10*l**2 - 5*l + 2. Suppose -2*i = -4*g + 8*g - 18, -g + 1 = 0. What is the tens digit of b(i)?
6
Suppose -5*v + 7*v + 85560 = 10*v. What is the thousands digit of v?
0
Let a = 5308 - 2586. What is the units digit of a?
2
Suppose 13*p = 819 + 1950. Suppose 0*b - b + p = 2*m, -16 = 4*m. What is the units digit of b?
1
Suppose 32 = 6*w - 40. Let l = w + 1. Suppose l*y - 450 = 8*y. What is the tens digit of y?
9
Suppose 0 = -667*r + 678*r - 290257. What is the ten thousands digit of r?
2
Let z(a) = -5*a**3 + 23*a**2 + 26*a + 19. Let k(b) = -12*b**3 + 46*b**2 + 53*b + 39. Let v(h) = -2*k(h) + 5*z(h). What is the units digit of v(22)?
9
Let t(n) = n**3 + 25*n**2 - 60*n - 42. Let r = 726 + -752. What is the units digit of t(r)?
2
Let z = -772 - -1421. Let g = -97 + z. What is the hundreds digit of g?
5
Let b be ((2 - 2) + -18)*(-9)/6. Suppose -5*z - b*z = -32960. What is the tens digit of z?
3
Let w = 12666 + -6106. What is the thousands digit of w?
6
Let v be ((-8)/(-5))/((-13)/(-1820)). Suppo